2, what is -10010001011111101101101 - 100?
-10010001011111101110001
In base 16, what is 3 + -10f4?
-10f1
In base 3, what is 11012202 - 1?
11012201
In base 6, what is -3 - -33212?
33205
In base 16, what is 2412 - 7?
240b
In base 4, what is 10 - 2031320?
-2031310
In base 14, what is -4712 - 5?
-4717
In base 9, what is 555 - -1483?
2148
In base 12, what is -11626 - -53?
-11593
In base 12, what is 4 - 23211?
-23209
In base 4, what is -303 - -1023?
120
In base 10, what is -18 - 3870?
-3888
In base 9, what is -538 + 484?
-44
In base 15, what is 460 - dc?
373
In base 15, what is 76 - 2b2?
-23b
In base 10, what is -3906 + -1357?
-5263
In base 9, what is -150 - -181?
31
In base 14, what is -2d7 + -7?
-300
In base 7, what is -425 - 54151?
-54606
In base 3, what is -200121200110 - 12?
-200121200122
In base 2, what is 11110 - 11000001011010?
-11000000111100
In base 6, what is -5 + -22113?
-22122
In base 13, what is -44 - 8b9?
-930
In base 12, what is 446 - -4?
44a
In base 10, what is 37 - -2226?
2263
In base 9, what is -8 - -7016?
7007
In base 3, what is -1 + -21210120?
-21210121
In base 11, what is 8 + 18140?
18148
In base 4, what is 13310 - 1003?
12301
In base 6, what is -1552 - 42?
-2034
In base 8, what is 3156 - 316?
2640
In base 2, what is 1100010001100000 - 11?
1100010001011101
In base 15, what is 2 + 5ee9?
5eeb
In base 4, what is -1 + -113222100?
-113222101
In base 4, what is -3 + -2102032010?
-2102032013
In base 15, what is -a62 - -2a?
-a37
In base 6, what is 3 + 53133?
53140
In base 5, what is -133 + -2011?
-2144
In base 12, what is 13398 + -3?
13395
In base 16, what is 26b3 + 14?
26c7
In base 16, what is c + -124f0?
-124e4
In base 11, what is -3692 + -5?
-3697
In base 12, what is -50 - -72b?
69b
In base 9, what is 4 - 130888?
-130884
In base 6, what is -232 - -31125?
30453
In base 7, what is -42 - -22445?
22403
In base 12, what is 64 + 1240?
12a4
In base 11, what is 23 + -207a?
-2057
In base 7, what is 14345 + 2?
14350
In base 14, what is 102d - 915?
518
In base 16, what is 3f83 + -c?
3f77
In base 11, what is -13308 + -2?
-1330a
In base 6, what is -1 + 23120440?
23120435
In base 5, what is 133 + 414310?
414443
In base 9, what is 1333 + 202?
1535
In base 7, what is 41 - -14111?
14152
In base 9, what is -182086 + 5?
-182081
In base 11, what is -198 + -2?
-19a
In base 12, what is -a6b0 - -6?
-a6a6
In base 5, what is 3012442 - 220?
3012222
In base 11, what is -32 - -7471?
743a
In base 16, what is -20 + 6e?
4e
In base 16, what is 4 - -1b9b?
1b9f
In base 11, what is -224a95 + -4?
-224a99
In base 6, what is 3030321 - -14?
3030335
In base 9, what is 12 - 15822?
-15810
In base 4, what is -1020201110 - 11?
-1020201121
In base 16, what is -6 - 71d4?
-71da
In base 10, what is 2 + 50326?
50328
In base 2, what is -101 - -111000100011010100?
111000100011001111
In base 2, what is 11010 + 101011110?
101111000
In base 4, what is 2213230 + -1303?
2211321
In base 6, what is 12 - -114250?
114302
In base 13, what is -325 - 31?
-356
In base 6, what is -230002 - -3?
-225555
In base 10, what is 127 + -766?
-639
In base 11, what is 5221 - 9?
5213
In base 7, what is -151 - -15256?
15105
In base 13, what is 14 + 2494c?
24963
In base 2, what is 11111111 + -111000101?
-11000110
In base 16, what is -4ae + -6d?
-51b
In base 9, what is 5 - -5126?
5132
In base 16, what is -5 + -f1e?
-f23
In base 9, what is -2 - 102586?
-102588
In base 16, what is d8b - -d3?
e5e
In base 7, what is -243361 - -203?
-243155
In base 6, what is -242130 + -553?
-243123
In base 11, what is 3095 + -96?
2aaa
In base 8, what is 12 + 14002?
14014
In base 8, what is 1437055 - -2?
1437057
In base 10, what is 602537 + 9?
602546
In base 14, what is -609246 - -3?
-609243
In base 15, what is -5cc + -1c?
-5e9
In base 14, what is 5 - -45b3?
45b8
In base 9, what is -1 + 41862?
41861
In base 4, what is -123 - 22130?
-22313
In base 10, what is -35 + 6711?
6676
In base 13, what is -bb4 + 27?
-b8a
In base 5, what is -3124230 - 10?
-3124240
In base 8, what is -1350661 + -1?
-1350662
In base 12, what is 11ba800 - -3?
11ba803
In base 14, what is 1507b9 - 0?
1507b9
In base 11, what is -7a3 - 165?
-958
In base 10, what is 24 - 20861?
-20837
In base 11, what is 33656 - -7?
33662
In base 3, what is -2201 - 102201?
-112102
In base 5, what is 4 - -120311?
120320
In base 5, what is -12134 - 2401?
-20040
In base 12, what is 22bb6 - 1?
22bb5
In base 3, what is 2 - -1111100022212?
1111100022221
In base 5, what is 231 + -2014?
-1233
In base 8, what is 5132262 + 0?
5132262
In base 4, what is -100 + 3010?
2310
In base 16, what is ef - -52?
141
In base 13, what is -79b1b + 3?
-79b18
In base 8, what is 5 + 313233?
313240
In base 6, what is -312 - 55?
-411
In base 8, what is 66540 + 16?
66556
In base 2, what is -10 + -1001100101010?
-1001100101100
In base 5, what is 1 - -31010033?
31010034
In base 12, what is -1b4 + 16a0?
14a8
In base 15, what is -17 + -39a?
-3b2
In base 15, what is 70 - 694?
-624
In base 15, what is -1 + -53b1?
-53b2
In base 15, what is 1e - 2372?
-2353
In base 11, what is -21295 - 2?
-21297
In base 6, what is 10 - 4552?
-4542
In base 2, what is -11101100101001110110 + -11?
-11101100101001111001
In base 14, what is -481 - -49c?
1b
In base 2, what is 10110110010 + -1001000?
10101101010
In base 8, what is -1504 - 15?
-1521
In base 12, what is 111 - -27b?
390
In base 6, what is 450 - -14504?
15354
In base 3, what is 2 + 121101?
121110
In base 13, what is -3 + -222b0c?
-222b12
In base 9, what is -71123 - -15?
-71107
In base 14, what is 1 - b02?
-b01
In base 5, what is 44422332 + -2?
44422330
In base 4, what is -32 + 31123200?
31123102
In base 10, what is 30341 - -11?
30352
In base 5, what is -2 + -20002?
-20004
In base 11, what is 14 + 1800?
1814
In base 6, what is 1343031 + -1?
1343030
In base 7, what is -146442 - -1?
-146441
In base 4, what is -110 + 3323311?
3323201
In base 14, what is ca29 + -6?
ca23
In base 5, what is -4002423 + -4?
-4002432
In base 7, what is -2640 - 3?
-2643
In base 13, what is -11670 - 0?
-11670
In base 7, what is -213 - -1635?
1422
In base 11, what is 1a33 + -94?
194a
In base 16, what is 1a9 + -1cf?
-26
In base 16, what is 30fa - -3?
30fd
In base 5, what is 11022440 + 4?
11022444
In base 9, what is 441442 + 3?
441445
In base 14, what is 4bc - -243?
721
In base 11, what is 661 + -7?
655
In base 8, what is 2 + 66466?
66470
In base 8, what is 4 + -17764?
-17760
In base 9, what is -3575468 - -1?
-3575467
In base 2, what is 1001100110110100 - -10?
1001100110110110
In base 13, what is 1b4ab6 + -6?
1b4ab0
In base 10, what is 21276 + 7?
21283
In base 5, what is -212323 + 210?
-212113
In base 7, what is 16062 + -22?
16040
In base 3, what is -21210010 + 202?
-21202101
In base 8, what is -5 - -41705?
41700
In base 14, what is 7a7 + 38?
801
In base 15, what is 11a2 - -1?
11a3
In base 3, what is -1 - 222212201?
-222212202
In base 9, what is -6 - 13687?
-13704
In base 6, what is -24 + 104?
40
In base 15, what is -2 - -4217e?
4217c
In base 14, what is -521 - -2a?
-4d5
In base 13, what is -209b - 7?
-20a5
In base 2, what is -110001001001111010 + -100?
-110001001001111110
In base 16, what is -6b - 12da?
-1345
In base 16, what is 4 - 96013?
-9600f
In base 6, what is 13314 - 2403?
10511
In base 3, what is 120201 + 1222200?
2120101
In base 14, what is 14b4 + 8?
14bc
In base 13, what is 18 + -191?
-176
In base 15, what is -463 - 18?
-47b
In base 4, what is -3210 - -132?
-3012
In base 14, what is 2a + -d7cd?
-d7a3
In base 10, what is -134921 + -5?
-134926
In base 15, what is -36d - -86?
-2d7
In base 2, what is 1000100010011 - -100?
1000100010111
In base 10, what is -5 - -119694?
119689
In base 15, what is -e5 - -140?
4a
In base 16, what is de9 + a9?
e92
In base 12, what is 6715 + -a?
6707
In base 10, what is 165360 - -4?
165364
In base 9, what is -826 - -14?
-812
In base 5, what is -1121301 - 4?
-1121310
In base 3, what is 110002020022 - 11?
110002020011
In base 7, what is 24 + -12140?
-12113
In base 12, what is 77 + 2403?
247a
In base 16, what is -2ba9 + 2?
-2ba7
In base 4, what is -323032021 + 10?
-323032011
In base 3, what is -111112 + 22221?
-11121
In base 5, what is 14103 + -24213?
-10110
In base 15, what is -39ac + 57?
-3955
In base 13, what is 19ab6 - -1?
19ab7
In base 7, what is 1251120 + -4?
1251113
In base